{"id":23306,"date":"2025-08-05T23:59:00","date_gmt":"2025-08-05T21:59:00","guid":{"rendered":"https:\/\/lefebvre.es\/tienda\/catalogo\/derecho-mercantil\/memento-prevencion-del-blanqueo-de-capitales-y-la-financiacion-del-terrorismo\/"},"modified":"2026-04-17T02:07:11","modified_gmt":"2026-04-17T00:07:11","slug":"memento-prevencion-del-blanqueo-de-capitales-y-la-financiacion-del-terrorismo","status":"publish","type":"product","link":"https:\/\/lefebvre.es\/tienda\/catalogo\/derecho-mercantil\/memento-prevencion-del-blanqueo-de-capitales-y-la-financiacion-del-terrorismo","title":{"rendered":"Memento Pr\u00e1ctico Prevenci\u00f3n del  Blanqueo de Capitales y la Financiaci\u00f3n del Terrorismo 2025-2026"},"excerpt":{"rendered":"","protected":false},"featured_media":79196,"comment_status":"open","ping_status":"closed","template":"","meta":[],"product_cat":[28,33],"product_tag":[],"class_list":{"0":"post-23306","1":"product","2":"type-product","3":"status-publish","4":"has-post-thumbnail","6":"product_cat-derecho-mercantil","7":"product_cat-derecho-penal","8":"lf_product_type-publication","10":"first","11":"instock","12":"taxable","13":"shipping-taxable","14":"purchasable","15":"product-type-variable"},"_links":{"self":[{"href":"https:\/\/lefebvre.es\/tienda\/wp-json\/wp\/v2\/product\/23306"}],"collection":[{"href":"https:\/\/lefebvre.es\/tienda\/wp-json\/wp\/v2\/product"}],"about":[{"href":"https:\/\/lefebvre.es\/tienda\/wp-json\/wp\/v2\/types\/product"}],"replies":[{"embeddable":true,"href":"https:\/\/lefebvre.es\/tienda\/wp-json\/wp\/v2\/comments?post=23306"}],"wp:featuredmedia":[{"embeddable":true,"href":"https:\/\/lefebvre.es\/tienda\/wp-json\/wp\/v2\/media\/79196"}],"wp:attachment":[{"href":"https:\/\/lefebvre.es\/tienda\/wp-json\/wp\/v2\/media?parent=23306"}],"wp:term":[{"taxonomy":"product_cat","embeddable":true,"href":"https:\/\/lefebvre.es\/tienda\/wp-json\/wp\/v2\/product_cat?post=23306"},{"taxonomy":"product_tag","embeddable":true,"href":"https:\/\/lefebvre.es\/tienda\/wp-json\/wp\/v2\/product_tag?post=23306"}],"curies":[{"name":"wp","href":"https:\/\/api.w.org\/{rel}","templated":true}]}}