{"id":23073,"date":"2020-10-16T00:00:00","date_gmt":"2020-10-15T22:00:00","guid":{"rendered":"https:\/\/lefebvre.es\/tienda\/catalogo\/derecho-mercantil\/guia-rapida-reestructuracion-financiera-una-solucion-ante-la-crisis-claves-practicas-para-llevarla-a-cabo-con-exito\/"},"modified":"2026-04-16T02:25:46","modified_gmt":"2026-04-16T00:25:46","slug":"guia-rapida-reestructuracion-financiera-una-solucion-ante-la-crisis-claves-practicas-para-llevarla-a-cabo-con-exito","status":"publish","type":"product","link":"https:\/\/lefebvre.es\/tienda\/catalogo\/derecho-mercantil\/guia-rapida-reestructuracion-financiera-una-solucion-ante-la-crisis-claves-practicas-para-llevarla-a-cabo-con-exito","title":{"rendered":"Gu\u00eda R\u00e1pida Reestructuraci\u00f3n financiera: una soluci\u00f3n ante la crisis. Claves pr\u00e1cticas para llevarla a cabo con \u00e9xito"},"excerpt":{"rendered":"","protected":false},"featured_media":27265,"comment_status":"open","ping_status":"closed","template":"","meta":[],"product_cat":[34,28],"product_tag":[],"class_list":{"0":"post-23073","1":"product","2":"type-product","3":"status-publish","4":"has-post-thumbnail","6":"product_cat-derecho-contable","7":"product_cat-derecho-mercantil","8":"lf_product_type-publication","10":"first","11":"instock","12":"taxable","13":"shipping-taxable","14":"purchasable","15":"product-type-variable"},"_links":{"self":[{"href":"https:\/\/lefebvre.es\/tienda\/wp-json\/wp\/v2\/product\/23073"}],"collection":[{"href":"https:\/\/lefebvre.es\/tienda\/wp-json\/wp\/v2\/product"}],"about":[{"href":"https:\/\/lefebvre.es\/tienda\/wp-json\/wp\/v2\/types\/product"}],"replies":[{"embeddable":true,"href":"https:\/\/lefebvre.es\/tienda\/wp-json\/wp\/v2\/comments?post=23073"}],"wp:featuredmedia":[{"embeddable":true,"href":"https:\/\/lefebvre.es\/tienda\/wp-json\/wp\/v2\/media\/27265"}],"wp:attachment":[{"href":"https:\/\/lefebvre.es\/tienda\/wp-json\/wp\/v2\/media?parent=23073"}],"wp:term":[{"taxonomy":"product_cat","embeddable":true,"href":"https:\/\/lefebvre.es\/tienda\/wp-json\/wp\/v2\/product_cat?post=23073"},{"taxonomy":"product_tag","embeddable":true,"href":"https:\/\/lefebvre.es\/tienda\/wp-json\/wp\/v2\/product_tag?post=23073"}],"curies":[{"name":"wp","href":"https:\/\/api.w.org\/{rel}","templated":true}]}}